)*1. Let k(s) = -s**2 + 4*s - 23*s + 11 + 8*s - 7 - 6. Calculate k(v).
22
Let c(g) = -g**2 - 4*g. Suppose -4*t + j = -25, j - 29 = -4*t - 6. Let d(n) = -1 - 3*n - 6*n - t*n + 16*n. Let q be d(-2). Give c(q).
3
Let z(g) be the second derivative of -19*g**4/12 + g**2/2 + 7*g. Let v(b) = 2*b**2 + 6*b + 5. Let t be v(-2). Determine z(t).
-18
Let w(q) = -q**3 - 5*q**2 + 3*q - 8. Suppose -5*g = 5*c - 8*g - 17, 0 = 5*g - 5. Let u be (5/15)/(c/(-72)). Calculate w(u).
10
Let a(s) = -8*s**3 - 17*s**2 - 41*s - 1. Let v(g) = 5*g**3 + 17*g**2 + 40*g + 3. Let x(f) = -2*a(f) - 3*v(f). Determine x(19).
-7
Let w be -5 + (-2)/(-6)*3. Let j(l) = 57*l - 518. Let t be j(9). Let b = w - t. Let f(c) = 5*c - 1. What is f(b)?
4
Suppose 828 = 15*a + 192*a. Suppose -y = 5*c + 22, 4*y + 2*c = 2*y - 4. Let h(b) = -2 + 6 - a - 2 + y*b. Determine h(5).
13
Suppose 17*p - 34 = -x - 168, -2*x = -3*p - 28. Let q(t) = -17*t - 129. Give q(p).
7
Let x be 8/(-36) - 592/(-72). Let o(q) = 9 - x*q - 148*q**2 - 147*q**2 + 296*q**2. Let s = 6 - -1. What is o(s)?
2
Suppose 20*z + 6 = 46. Suppose z*l = -9*l + 55. Let m(i) be the third derivative of i**6/120 - i**5/10 + 7*i**4/24 - 7*i**3/6 - 5*i**2. What is m(l)?
3
Let s(x) = -5*x + 2 + 0 - x**2 - 8. Let q = -221 - -245. Suppose 5*a = -q - 1. What is s(a)?
-6
Let u(c) = 4*c**3 + c**2 + 2*c + 2. Suppose 3*t - 18 - 63 = 0. Suppose t*v = -5 - 22. Calculate u(v).
-3
Let i(z) = z - 11*z**2 + 2*z**3 - z**3 - 2*z + 17. Let v = 729 - 718. Let h be i(v). Let u(y) = -y**2 + 10*y - 9. What is u(h)?
15
Let b(z) be the third derivative of z**5/20 + z**4/12 + z**3/6 - 6*z**2. Let c be b(-1). Let x(s) = 4*s + 3*s**c + 9*s**2 - 11*s**2 - 2. Determine x(-5).
3
Let h(l) be the third derivative of -29*l**4/24 - 101*l**3/3 + 6289*l**2. Give h(-7).
1
Let y(k) be the third derivative of k**6/360 - k**5/30 + k**4/12 + 127*k**3/6 + 7*k**2 - 18. Let i(a) be the first derivative of y(a). Give i(5).
7
Let k(h) be the first derivative of -h**4/4 + 26*h**3/3 + 59*h**2/2 - 88*h - 2096. Determine k(28).
-4
Suppose 0 = -4*p + 3 + 13. Let q(h) = 6*h**2 + 5*h - 6. Let u be q(1). Let a(c) = -u*c**2 + 0*c + 4*c + p - 9*c**2 + 15*c**2. Calculate a(-3).
1
Suppose v + 4 = -s, s + 4*v - 1 = 7. Let z be (-29)/s - (-5 + 148/32). Let c(g) = -g**2 + 3*g - 1. Calculate c(z).
-5
Let j(x) be the second derivative of -x**5/20 + 7*x**4/12 - 2*x**3/3 + x**2/2 - 3*x. Suppose 2*z + 2*l - 14 = 0, -7*z + 2*l + 94 = 54. Determine j(z).
13
Let r(g) = 132*g - 8974. Let n be r(68). Let q(p) = 2*p**2 + p - 4. Determine q(n).
6
Let s be (-39)/(-6) - (-125)/50. Let q(j) = -6 + 6*j + 4*j + 5 - s*j - 7. What is q(-12)?
-20
Let g(q) = -55 - 173*q + 517*q + 4*q**2 - 5*q**2 - 145*q - 173*q. Determine g(23).
14
Let h(k) = 27*k + 36. Let m(g) be the second derivative of -5*g**3/6 - 7*g**2/2 - 225*g. Let f(t) = 4*h(t) + 21*m(t). Determine f(4).
9
Let i(u) be the second derivative of u**4/12 - u**3/3 - 8*u**2 + 72*u + 10. Give i(8).
32
Let v(g) = -g**2 - 16*g - 40. Suppose 0*t = -11*u + 5*t - 92, u = -t - 4. What is v(u)?
23
Let f(u) = 451*u + 7 - 229*u + 6 - 227*u. Calculate f(-7).
48
Let b(c) = c**3 + 105*c**2 + 3*c - 6. Let o(w) = 2*w**3 + 168*w**2 + 5*w - 10. Let g(y) = -8*b(y) + 5*o(y). Suppose 0*f + 2 = 2*f. Determine g(f).
1
Let h(s) = -s**3 - s**2 + 5*s + 11. Suppose 294*v - 37 - 351 - 494 = 0. Calculate h(v).
-10
Let d(t) = 5*t - 64. Let p be d(14). Let h(n) = -7 - 3 + n**2 - p*n - 1 + 1. Suppose -2*l + 1 + 21 = 4*r, 2*l + 50 = 5*r. Give h(r).
6
Suppose 13*x + 52*x = 195. Let t(p) = -p - p + p**3 + 3*p**2 - 3*p - 4*p**2 + 7. Determine t(x).
10
Let g = 11 + -7. Suppose 14 = -g*b - 10. Let h(o) be the first derivative of o**3/3 + 3*o**2 - 2*o - 140. Give h(b).
-2
Suppose 4*y - 3 = 1. Let d(p) = -3*p**3 - p**2 + p - 1. Let l be d(y). Let h(t) = 31*t + 22. Let a(m) = -11*m - 8. Let x(v) = 17*a(v) + 6*h(v). What is x(l)?
0
Suppose 84 = 7*z + 203. Let g = z - -22. Let u(p) be the first derivative of p**3/3 - 3*p**2/2 - 5*p - 88. Calculate u(g).
5
Let d(t) be the third derivative of t**6/120 + t**5/6 + 11*t**4/12 + t**3/6 - 142*t**2 + 1. What is d(-7)?
-6
Let f be -7 - (12 + -9) - -3. Let s(v) = -v**2 - 16*v + 4. Determine s(f).
67
Let f(q) = 31*q - 446. Let l be f(14). Let n(t) = -t**3 - 9*t**2 + 36*t - 1. Determine n(l).
-1
Let c be 5*-3*(-2)/90. Let p(b) be the second derivative of 0 - 2*b**2 + c*b**3 - 12*b. Determine p(-3).
-10
Let b(t) = 3*t + 47. Let r be b(-15). Suppose 7*x - r*x = 80. Suppose -22*f = -24*f + x. Let k(v) = -2*v - 10. What is k(f)?
-26
Let m(w) = -57*w + 522. Suppose 80*s + 1094 = -32*s + 2102. Calculate m(s).
9
Let p = 1357 - 1364. Let v(s) = -s - 18. What is v(p)?
-11
Let n(c) = c**2 - 4*c - 4. Suppose -g = 29 - 23. Let x = -62 - -62. Let t be 120/(-100)*(20/g + x). What is n(t)?
-4
Let d(y) = -125 + 43 + 48 - y**3 + 14*y**2 + 36. Determine d(14).
2
Let m(i) = 15*i - 1276 - 8*i - 1292 + 2595. Determine m(5).
62
Suppose -4*l - 106 = 11*p, 0 = 1386*l - 1391*l - 4*p + 4. Let r(c) = 10 + c**2 + 0*c**2 - 11*c + 0*c**2. Determine r(l).
22
Let z(j) = -3*j + 5. Let i = 357 - 354. Suppose -25 = -2*h - 2*h - i*n, 60 = 5*h - 2*n. What is z(h)?
-25
Let h(o) be the second derivative of 1/20*o**5 + 0 + 207*o + 0*o**4 + 15*o**2 + 1/6*o**3. Give h(0).
30
Let i(z) = -4 + 3560*z + 3566*z - 7131*z. Let c = 1 - -4. Give i(c).
-29
Let g(q) = 5*q**3 - q**2 - 7*q + 4. Let d = -114 + 121. Let a = -3 + d. Let j(s) = -s**3 - s**2 + 1. Let y(z) = a*j(z) + g(z). What is y(6)?
2
Let l(y) = 2*y - 4. Let j(n) = -102*n + 9. Let g be j(2). Let s = g + 200. Give l(s).
6
Let y(m) be the first derivative of -m**3 - m**2/2 - 6*m - 19. What is y(4)?
-58
Let x(j) = 4 + 8 - 49*j**2 + 50*j**2 - 7*j**3 + 3*j - 8 - 3. What is x(-1)?
6
Let s(f) = f**2 - 9*f - 13. Suppose z = 11*z - 40. Let l be 1/z - (-1)/(-4). Suppose l = 7*r - 6*r - 11. What is s(r)?
9
Let g = -5 - -11. Let b(d) = 5*d + 0*d + 5 - g*d. Let z be (-26)/(-4) - 1/(-2). What is b(z)?
-2
Let m(k) = -3*k**3 - k**2 + 4*k + 2. Suppose 34*n - 57*n - 176 = -107. Give m(n).
62
Suppose 469 + 293 = -254*c. Let f(l) = -26*l + 8. Determine f(c).
86
Let y = 120 + -111. Let l(c) = -c - 1. Suppose -z + 11 = -3*h, 0 = h + 4*z - 3*z + 5. Let p(a) = -2*a - 3. Let r(d) = h*p(d) + y*l(d). Determine r(3).
0
Let g = 437 - 438. Let c(o) = 6*o**3 + 17*o**2 - 14*o - 14. Let u(p) = -2*p**3 - 6*p**2 + 5*p + 5. Let i(j) = -6*c(j) - 17*u(j). Determine i(g).
2
Let c(d) be the first derivative of -d**4/4 - 28*d**3/3 - 14*d**2 - 7*d + 6009. Calculate c(-27).
20
Let v be 36/10*100/(-40)*19/(-19). Let j(q) = 3*q - 36. Determine j(v).
-9
Let b(z) = z**3 + 5*z**2 - 7*z. Let m be (-126)/(-9) + 3 + (2 - 4). Suppose 4*f - 8 = 0, 0*y + 5*f + m = 5*y. Suppose 0 = -y*w + 3*w - 12. Determine b(w).
6
Let c be 5*(0/2 - 1). Let h(a) = a - 5. Let g be h(6). Let w(b) = -24*b + g + 28*b - b**2 - 11*b. Calculate w(c).
11
Let s = -86 - -134. Let f be 32/s + (-2)/3. Suppose f = -o + 4*w + 21, -o - 4*w = 4*o - 9. Let q(b) = b**2 - 8*b + 4. Calculate q(o).
-11
Let n(c) = c**2 - 18*c - 29. Let p be (-20)/(-32)*(24 - -8). Give n(p).
11
Let r(t) = 8*t**2 - t + 7. Let g(z) = -7*z**2 + z - 6. Let x(s) = -6*g(s) - 5*r(s). Suppose 4*f - 95 = 85. Let m = f - 43. Determine x(m).
7
Let y(c) = -24 - 29 - 20*c - 3*c**2 + 2*c**2. Let i be y(-17). Let m(w) = -1. Let k(b) = 3*b + 1. Let d(o) = k(o) + 2*m(o). Calculate d(i).
-7
Let h(x) = -3*x**2 - x - 2. Let f(z) = -37*z**2 - 18*z - 49. Let w(g) = f(g) - 13*h(g). Give w(-7).
110
Let d(f) = -f**3 + 2*f**2 + 5*f - 6. Let z(t) = -7*t**2 - 105*t - 95. Let m be z(-14). Give d(m).
0
Let a(s) = 3*s**2 + 112*s - 5. Let f be a(0). Let o(i) = -14*i - 54. Give o(f).
16
Let d(j) = -4*j + 5*j - j - 7*j. Let z(a) = -12*a + 1. Let t(c) = 5*d(c) - 3*z(c). What is t(9)?
6
Let t(j) be the third derivative of j**5/60 + 5*j**4/24 + 13*j**3/6 + 117*j**2 + 4. Determine t(-6).
19
Suppose 271 = -130*s + 960 + 351. Let q(a) = -3*a**2 + 19*a - 9. What is q(s)?
-49
Let k(m) = -80 + 76 + 50*m - 12*m - 20*m. Determine k(-5).
-94
Let n(z) = -12*z**2 - 13*z + 3. Let q(o) = -14*o**2 - 16*o + 2. Let l(r) = 4*n(r) - 3*q(r). Determine l(4).
-106
Let f(n) = -n**3 - 45*n**2 + 47*n + 32. Let i = 10122 + -10168. Give f(i).
-14
Let a(y) be the second derivative of -y**5/12 + 5*y**2/2 + 7*y. Let n(s) be the firs